011
1006445 (base 7) to base 2
11101010010000000
What is 8407a6a (base 11) in base 13?
30c1b62
What is 2322221302 (base 4) in base 3?
1102211201221
-1114331 (base 7) to base 11
-94a87
Convert 104342402 (base 5) to base 16.
719c8
What is -552579 (base 11) in base 2?
-11010111010010010101
Convert -243420 (base 6) to base 16.
-5424
4594b6 (base 13) to base 2
110010010011110111111
189a0a9 (base 11) to base 10
3205167
Convert 73c95 (base 15) to base 14.
97c28
-164c78 (base 13) to base 7
-4463630
Convert -67747 (base 10) to base 12.
-33257
1761788 (base 9) to base 10
985526
What is 205442 (base 12) in base 9?
852335
Convert 1532422 (base 6) to base 5.
10340024
Convert -1590586 (base 10) to base 9.
-2883777
Convert -2098683 (base 10) to base 14.
-3c8b7d
What is -2a38a69 (base 11) in base 8?
-23676620
Convert 10221010020 (base 3) to base 5.
4433421
-31b8b5 (base 16) to base 12
-1111899
Convert 371537 (base 9) to base 7.
1622524
Convert 12786 (base 9) to base 14.
322c
Convert -100100001111011010101010 (base 2) to base 8.
-44173252
What is 122120232010 (base 4) in base 15?
919731
-111011000100110100 (base 2) to base 7
-2025313
-279879 (base 10) to base 16
-44547
What is a47a4 (base 12) in base 3?
101221110221
What is -6093080 (base 10) in base 12?
-205a108
-22113733 (base 8) to base 4
-102021133123
-2400030 (base 5) to base 10
-43765
What is -798815 (base 10) in base 15?
-10ba45
Convert 63333 (base 7) to base 5.
444411
Convert -213373 (base 9) to base 10.
-127155
Convert -101241 (base 16) to base 5.
-232200444
23240505 (base 6) to base 16
aff79
What is -165413 (base 9) in base 3?
-12012110110
101210101112 (base 3) to base 10
212423
Convert -51562667 (base 8) to base 10.
-10937783
-805ba6 (base 13) to base 16
-2d859c
4631cc (base 13) to base 8
6260752
-2111122011 (base 4) to base 5
-124040343
What is 233520342 (base 6) in base 15?
5b7e5e
What is 17a1a1 (base 13) in base 12?
247556
What is -132403 (base 10) in base 7?
-1061005
Convert 132412324 (base 5) to base 2.
10100011100000010010
-1114024 (base 7) to base 2
-100001110000000111
-ae2778 (base 15) to base 8
-37550232
What is -13303213122 (base 4) in base 7?
-23252154
What is -136011121 (base 7) in base 6?
-515412004
What is -3124103030 (base 5) in base 12?
-2201635
-211200211022 (base 3) to base 11
-285717
Convert 10010011101111101 (base 2) to base 6.
1342113
Convert 30408 (base 14) to base 4.
130111020
What is -1550740 (base 10) in base 12?
-629504
Convert 6376143 (base 9) to base 6.
201115450
Convert -3034654 (base 7) to base 12.
-1554a7
What is -230610 (base 8) in base 13?
-297a8
Convert -476206 (base 9) to base 11.
-186415
Convert 90c80 (base 14) to base 9.
580577
873237 (base 13) to base 14
5c9c62
What is 1b62b (base 13) in base 11?
37450
123221302110 (base 4) to base 14
d69acc
What is -202120012212 (base 4) in base 15?
-bd019c
3780854 (base 11) to base 9
13307805
103704a5 (base 11) to base 9
41684478
21301203221 (base 4) to base 11
14a0097
33160 (base 8) to base 14
5116
Convert 137175 (base 12) to base 14.
85bbb
What is -33322033313 (base 4) in base 6?
-225220555
What is -267b275 (base 12) in base 11?
-4341177
105230011 (base 7) to base 13
142b373
-3211320313 (base 4) to base 3
-1202211122221
Convert 45e50 (base 16) to base 2.
1000101111001010000
Convert 38827d (base 15) to base 8.
12256245
-220804 (base 9) to base 12
-64394
Convert -2220012022 (base 3) to base 4.
-31322231
3276d8 (base 16) to base 3
20020000122210
What is -3279d (base 14) in base 9?
-205620
-1210141 (base 6) to base 10
-63565
What is 1424535202 (base 6) in base 15?
1825c88
-ab3bc (base 14) to base 11
-263962
What is -2785465 (base 10) in base 2?
-1010101000000010111001
833251 (base 10) to base 2
11001011011011100011
43638b5 (base 12) to base 8
60721511
Convert -515626 (base 7) to base 5.
-10312330
What is 2160285 (base 9) in base 14?
22342c
Convert -7c879 (base 14) to base 2.
-1001010000110011011
What is 31f5f (base 16) in base 3?
101101201020
What is 23406 (base 8) in base 16?
2706
What is -156401 (base 7) in base 5?
-1443232
72496 (base 10) to base 3
10200110001
Convert -128110 (base 9) to base 8.
-230415
108b4 (base 12) to base 9
33181
Convert -190b504 (base 12) to base 14.
-9a7736
What is 10001011011000000110 (base 2) in base 13?
16cb04
21520340 (base 6) to base 10
648132
8c1bbc (base 15) to base 14
c6171d
Convert 100123122 (base 4) to base 8.
203332
What is 10218 (base 10) in base 4?
2133222
-211342243 (base 5) to base 6
-31003222
What is -1001010101010001000101 (base 2) in base 11?
-1421025
What is 818965 (base 11) in base 10?
1314857
-314021241 (base 5) to base 6
-44055030
-472742 (base 8) to base 3
-22012012020
Convert 108194 (base 12) to base 13.
92890
-11102302 (base 5) to base 8
-275662
Convert -103303230212 (base 4) to base 3.
-100202210202022
-44321151 (base 6) to base 4
-11011111123
Convert 1363856 (base 9) to base 3.
1102010221220
-12076326 (base 9) to base 14
-ad6bab
Convert 22122121111 (base 3) to base 8.
514476
What is 1554130 (base 9) in base 15?
120860
What is -113352300 (base 6) in base 12?
-868690
What is -12431021 (base 6) in base 3?
-202202022111
Convert -10001000110001010 (base 2) to base 4.
-101012022
Convert -2324918 (base 11) to base 5.
-2014440424
Convert 743700 (base 8) to base 3.
110120211201
-223111313 (base 4) to base 15
-37902
1001010110110000010 (base 2) to base 6
10323134
What is -46113051 (base 7) in base 14?
-7691d1
Convert -35251220 (base 6) to base 4.
-10023123330
Convert -1321124421 (base 5) to base 3.
-20012202022011
-25441423 (base 7) to base 9
-4314407
-3306ee (base 16) to base 7
-40265410
-41242115 (base 6) to base 10
-1187615
Convert 200031201 (base 4) to base 15.
2915c
12777 (base 10) to base 9
18466
389078 (base 14) to base 15
28671c
What is -49117 (base 16) in base 3?
-120012112201
-5036646 (base 7) to base 13
-17c163
-4202602 (base 8) to base 5
-241144042
What is 174c72 (base 13) in base 7?
4643112
What is -21212022212 (base 3) in base 11?
-a6326
Convert 269137 (base 11) to base 16.
670c8
Convert -2318268 (base 9) to base 8.
-4616446
Convert 42244504 (base 7) to base 5.
1403334214
-1f5b5 (base 16) to base 3
-20112011221
What is -b8652a (base 12) in base 9?
-5431427
Convert 11212111001211 (base 3) to base 4.
21313311133
Convert 12abbe5 (base 15) to base 16.
cd5050
220120121100100 (base 3) to base 16
c74e71
What is -54140 (base 12) in base 9?
-177863
What is -94b4d3 (base 15) in base 8?
-32772432
What is -1247978 (base 14) in base 2?
-100001011111100010010110
What is 100001001110111111000101 (base 2) in base 13?
1a60611
What is 21002222101221 (base 3) in base 16?
39a88e
Convert -4270d4 (base 16) to base 10.
-4354260
Convert -1431212 (base 5) to base 4.
-13113212
Convert -133005132 (base 6) to base 14.
-4d381a
What is 3572531 (base 8) in base 4?
3233111121
-4322400110 (base 5) to base 11
-520341a
What is 2002233303 (base 5) in base 14?
74a10a
Convert 133211131 (base 4) to base 14.
3520d
-10101001001011000000011 (base 2) to base 3
-101102122011010
-3aa9ca (base 13) to base 6
-50300350
What is -31515131 (base 8) in base 14?
-c7070d
58206b (base 13) to base 16
1fe1dc
Convert 163603353 (base 7) to base 13.
240a1a3
What is -73de5 (base 15) in base 12?
-158908
-2210122323 (base 4) to base 2
-10100100011010111011
What is -6ff53f (base 16) in base 9?
-14722762
What is -3cd34 (base 16) in base 7?
-2055233
122152204 (base 6) to base 7
25645132
Convert -4796f8 (base 16) to base 5.
-2200113304
-222221001022 (base 3) to base 2
-10000001011001100010
What is 6941555 (base 11) in base 14?
187dd8d
Convert 33004325 (base 7) to base 12.
b42aa2
Convert -163031 (base 13) to base 11.
-345765
-196849 (base 13) to base 9
-1178844
-1044326 (base 7) to base 13
-46811
Convert 43413312 (base 5) to base 16.
5b0dd
What is 10222444 (base 5) in base 15?
1a734
Convert 1020120233 (base 4) to base 16.
4862f
2332223044 (base 5) to base 2
10100011010100011100001
What is -1331231033 (base 4) in base 7?
-4243103
-88579 (base 14) to base 9
-553154
Convert -217a8 (base 13) to base 14.
-18156
What is -521122 (base 6) in base 15?
-c578
-2316143 (base 7) to base 14
-77aca
Convert -44164 (base 12) to base 13.
-31ccc
What is 101111110110100011 (base 2) in base 12?
95517
Convert 8018727 (base 9) to base 14.
7d01a1
176252 (ba